 c(-55).
4
Let d(b) = -40*b**2 + 344*b - 707. What is d(5)?
13
Let n(i) = -2*i**2 + 57*i + 43. Determine n(29).
14
Let h(p) = -p**3 - 81*p**2 - 110*p - 2583. Calculate h(-80).
-183
Let z(r) = -r**3 + 8*r**2 + 30*r + 50. What is z(9)?
239
Let n(d) = d**2 - 58*d + 128. Determine n(55).
-37
Let s(t) = -3*t - 1. Give s(-11).
32
Let s(c) = -4*c**3 + 294*c**2 - 1243*c + 67. Calculate s(69).
-2
Let z(j) = -24*j + 520. What is z(24)?
-56
Let l(c) = 2*c**3 - 228*c**2 - 7*c + 790. What is l(114)?
-8
Let u(o) = -o**3 + 19*o**2 - 45*o - 17. Determine u(17).
-204
Let d(b) = -b**2 + 22*b - 136. Give d(16).
-40
Let k(z) = -z**3 - 12*z**2 - 15*z - 62. What is k(-5)?
-162
Let o(y) = y**3 - 130*y**2 - 406*y + 940. Calculate o(133).
9
Let h(y) = -24*y + 250. Give h(6).
106
Let o(r) = -r**2 + 170*r - 333. What is o(168)?
3
Let q(x) = 12858*x - 12866. Calculate q(1).
-8
Let x(n) = -11*n**2 + 30*n + 21. Determine x(6).
-195
Let i(t) = t**2 - 12*t - 328. Determine i(-12).
-40
Let h(g) = 2248*g + 26973. Calculate h(-12).
-3
Let w(p) = -7*p**3 - 86*p**2 - 14*p + 112. What is w(-12)?
-8
Let p(t) = 105*t - 427. Determine p(4).
-7
Let j(h) = -20*h**2 - 7*h - 20. Determine j(-4).
-312
Let s(i) = i**3 - i**2 - 12*i + 119. Give s(-5).
29
Let j(t) = 31*t. Calculate j(-3).
-93
Let m(s) = -122*s + 273. What is m(2)?
29
Let p(u) = -2*u**2 - 18*u - 5. Determine p(-7).
23
Let m(y) = -y**3 - 18*y**2 - 21*y - 100. Determine m(-17).
-32
Let s(a) = -a**3 - 21*a**2 - 22*a - 42. Determine s(-20).
-2
Let l(m) = -12138*m - 182080. Give l(-15).
-10
Let v(m) = -9*m**2 + 96*m - 12. Determine v(11).
-45
Let y(q) = 5*q + 123. Give y(-24).
3
Let r(x) = -x**2 - 5*x - 7. What is r(-6)?
-13
Let g(k) = 53*k - 338. Determine g(5).
-73
Let x(o) = 17*o**2 + 170*o + 8. Determine x(-10).
8
Let t(p) = -3*p**3 + 10*p**2 + 26*p + 192. What is t(-6)?
1044
Let b(t) = -2*t**2 - 29*t - 72. What is b(-19)?
-243
Let p(o) = -o**3 + 29*o**2 - o + 65. Calculate p(29).
36
Let h(m) = -81145*m + 649154. Determine h(8).
-6
Let l(k) = k**3 - 42*k**2 - 189*k + 87. Determine l(46).
-143
Let l(d) = 38*d - 223. Calculate l(6).
5
Let s(n) = -118*n - 548. Determine s(-4).
-76
Let y(q) = -24*q - 323. What is y(-13)?
-11
Let d(v) = -9*v**2 + 254*v + 777. Determine d(31).
2
Let z(n) = n**3 - 16*n**2 + 65*n + 60. Calculate z(10).
110
Let g(r) = 191*r + 2449. Calculate g(-12).
157
Let i(u) = 3*u**3 - 41*u**2 + 16*u + 150. Determine i(13).
20
Let q(g) = -g**3 + 18*g**2 + 26*g + 42. Give q(19).
175
Let o(n) = n**3 - 11*n**2 + 31*n - 79. Give o(9).
38
Let k(j) = 1016*j**2 + 2011*j - 7. Calculate k(-2).
35
Let l(z) = -2*z**2 + 41*z + 650. Give l(30).
80
Let a(d) = -d**3 - 14*d**2 - 52*d - 502. Calculate a(-13).
5
Let o(h) = 4*h**2 - 33*h - 338. Give o(15).
67
Let n(x) = -877*x + 18422. What is n(21)?
5
Let w(q) = -5*q**2 - 111*q - 30. Give w(-22).
-8
Let p(r) = -r**2 + 27*r - 125. Give p(23).
-33
Let w(v) = 2780*v - 11102. Calculate w(4).
18
Let c(a) = -12*a**2 + 18*a + 16. What is c(-1)?
-14
Let w(c) = -116*c - 351. Give w(-3).
-3
Let q(r) = r**3 - 52*r**2 + 412*r + 105. Give q(10).
25
Let v(g) = 19*g**2 - 58*g. Determine v(5).
185
Let y(m) = -m**2 + 111*m - 2326. Give y(83).
-2
Let a(p) = p - 22. Determine a(30).
8
Let x(v) = -v**2 - 70*v + 116. What is x(-72)?
-28
Let f(z) = -39*z + 801. Determine f(14).
255
Let d(y) = -36*y - 318. Give d(-8).
-30
Let l(i) = -i**3 + 9*i**2 + 25*i - 174. Determine l(10).
-24
Let v(p) = 50*p**2 + 1740*p - 354. Determine v(-35).
-4
Let p(n) = 3392*n + 30534. What is p(-9)?
6
Let u(c) = -4*c**2 + 333*c - 89. What is u(83)?
-6
Let k(l) = -104*l + 515. What is k(6)?
-109
Let k(w) = -9*w**2 + 21*w + 233. What is k(-4)?
5
Let k(f) = f**2 + 43*f + 224. Calculate k(-37).
2
Let b(w) = -w**2 - 251*w - 1473. Calculate b(-6).
-3
Let m(k) = 4*k**2 - 234*k + 1679. Give m(50).
-21
Let m(t) = -t**2 + 14*t + 5. Give m(6).
53
Let h(b) = b**2 + 57*b - 335. Calculate h(-61).
-91
Let n(f) = -f**3 + 40*f**2 - 337*f - 6. Give n(12).
-18
Let n(j) = 7*j - 172. Give n(23).
-11
Let g(k) = 7*k**2 - 4*k - 161. Determine g(-5).
34
Let h(i) = 93*i**2 + 929*i - 3. Give h(-10).
7
Let q(p) = 31*p - 340. Calculate q(11).
1
Let r(k) = k**3 - 15*k**2 + 23*k + 10. Determine r(2).
4
Let r(k) = 3*k**3 - 8*k**2 - 20*k + 33. Calculate r(3).
-18
Let g(d) = -d**3 - 26*d**2 + 29*d + 50. What is g(-27)?
-4
Let b(z) = 13*z - 367. Give b(26).
-29
Let y(n) = 5*n**2 + 558*n - 240. Give y(-112).
-16
Let a(o) = o**2 + 26*o + 114. What is a(-23)?
45
Let d(b) = -430*b**2 + 6020*b - 7. Give d(14).
-7
Let z(o) = -7*o**2 + 48*o + 74. Calculate z(9).
-61
Let p(m) = 34*m + 1193. Calculate p(-36).
-31
Let b(m) = 5*m**3 - 3*m**2 - 34*m + 36. What is b(1)?
4
Let v(c) = -18*c - 305. What is v(-23)?
109
Let r(z) = -463*z - 7490. What is r(-16)?
-82
Let u(z) = -123*z + 4673. Give u(38).
-1
Let c(y) = -13*y - 23. Determine c(-8).
81
Let p(r) = 35*r**3 + 3*r**2 - 24*r + 22. Give p(1).
36
Let t(g) = g**3 + 32*g**2 + 72*g - 20. Determine t(-30).
-380
Let n(j) = j**3 + 3*j**2 - 53*j + 57. Give n(5).
-8
Let j(x) = -1160*x + 39390. Calculate j(34).
-50
Let u(r) = 2*r**2 - 233*r + 686. Give u(3).
5
Let m(d) = -d**2 + 46*d + 211. Calculate m(51).
-44
Let i(t) = 976*t - 5882. What is i(6)?
-26
Let m(u) = -3*u**3 - u**2 + 141*u + 15. Calculate m(-7).
8
Let x(i) = 42*i - 95. Determine x(2).
-11
Let r(z) = 235*z + 2092. Calculate r(-9).
-23
Let t(u) = 6*u**2 + 452*u + 2631. Determine t(-69).
9
Let a(i) = 23*i + 263. Determine a(-10).
33
Let d(n) = -2*n**3 - 24*n**2 + 15*n - 8. Calculate d(-12).
-188
Let f(c) = c**2 + 328*c + 3795. What is f(-12)?
3
Let g(x) = -x**2 + 24*x - 16. Determine g(11).
127
Let f(s) = 37*s + 130. Determine f(-7).
-129
Let v(i) = -4*i**3 + 11*i**2 + 2*i - 21. What is v(-4)?
403
Let s(p) = -43*p + 72. Calculate s(2).
-14
Let p(w) = -14*w**2 - 17*w + 35. What is p(3)?
-142
Let u(z) = 2*z**3 - 7*z**2 + 19. Calculate u(4).
35
Let g(o) = -o**3 - 21*o**2 - 20*o - 52. Determine g(-20).
-52
Let l(k) = k**2 + 12*k + 27. Give l(-7).
-8
Let z(j) = j**3 - 13*j**2 + 8*j - 29. Give z(11).
-183
Let f(j) = 132*j - 166. Give f(3).
230
Let t(p) = 2*p**3 - 15*p**2 - 29*p + 28. Give t(9).
10
Let p(v) = 19*v**2 - 36*v - 71. Give p(-2).
77
Let l(m) = -10*m - 12. Calculate l(8).
-92
Let d(a) = -2*a**3 - 23*a**2 - 33*a - 14. Give d(-10).
16
Let q(b) = -3*b**3 + 8*b**2 - 5*b + 31. Determine q(6).
-359
Let p(a) = -23*a + 88. Give p(-6).
226
Let z(m) = 7*m**2 - 160*m - 324. What is z(-2)?
24
Let v(d) = 9*d - 419. Calculate v(47).
4
Let z(t) = 30*t - 498. What is z(21)?
132
Let f(x) = -2*x**3 + 77*x**2 - 36*x + 94. Give f(38).
170
Let h(q) = q**3 + 7*q**2 - 5*q - 65. Determine h(-10).
-315
Let s(f) = 4*f + 283. Determine s(-81).
-41
Let f(a) = a**3 - 67*a**2 - 205*a - 346. Calculate f(70).
4
Let f(a) = 3*a**2 - 27*a - 89. Determine f(-3).
19
Let w(s) = -s**3 - 12*s**2 - 10*s - 56. Determine w(-12).
64
Let q(d) = 11*d**2 + 122*d + 887. What is q(-8)?
615
Let b(k) = -1026*k + 4084. Calculate b(4).
-20
Let n(g) = -g**2 - 21*g + 39. Calculate n(-17).
107
Let w(k) = k + 103. Give w(-67).
36
Let s(a) = -a**2 + 302*a - 7412. Determine s(27).
13
Let v(p) = -287*p + 1468. Determine v(4).
320
Let c(r) = -r**2 + 50*r - 179. Calculate c(21).
430
Let i(g) = -28*g - 1058. Give i(-37).
-22
Let w(q) = -12613*q + 12619. Calculate w(1).
6
Let s(r) = -4*r**2 + 147*r + 1096. Give s(43).
21
Let r(f) = 10*f + 344. Determine r(43).
774
Let m(v) = 3*v**3 - 18*v**2 + 2*v + 68. Give m(5).
3
Let h(j) = j**3 - 41*j**2 + 178*j - 14. Determine h(36).
-86
Let k(n) = 4*n**3 + 9*n**2 + 52*n + 237. Calculate k(-5).
-298
Let r(p) = 268*p**2 + 293*p + 292. What is r(-1)?
267
Let a(q) = 80*q**3 - 5*q**2 + 2*q + 3. What is a(1)?
80
Let p(l) = -2*l**3 + 3*l**2 + 8*l - 28. Calculate p(5).
-163
Let a(d) = -3*d**2 - 97*d - 67. Determine a(-29).
223
Let b(n) = -15*n + 97. Calculate b(7).
-8
Let w(m) = 18*m - 48. Calculate w(7).
78
Let g(f) = -84*f - 2522. What is g(-30)?
-2
Let k(v) = -v**2 - 247*v - 7240. Determine k(-34).
2
Let o(r) = 94*r + 381. Give o(-4).
5
Let z(c) = -c**3 + 84*c**2 + 259*c + 169. Give z(87).
-5
Let k(u) = u**2 + 8*u - 3221. Calculate k(-61).
12
Let v(i) = i**2 + 46*i + 163. Calculate v(-5).
-42
Let d(x) = -22*x - 2159. Calculate d(-98).
-3
Let p(i) = 25*i**2 - 197*i + 9. Determine p(8).
33
Let